	{"id":16,"date":"2007-01-19T15:06:23","date_gmt":"2007-01-19T14:06:23","guid":{"rendered":"http:\/\/www.bfg.asso.fr\/?page_id=16"},"modified":"2025-10-14T12:21:05","modified_gmt":"2025-10-14T10:21:05","slug":"adherents","status":"publish","type":"page","link":"https:\/\/www.bfg.asso.fr\/?page_id=16","title":{"rendered":"Adh\u00e9rents"},"content":{"rendered":"\n<p><big><span style=\"font-family: Comic Sans MS; font-size: small;\"><span style=\"color: #000000; font-size: medium;\">Ces pages<\/span><\/span><\/big><span style=\"color: #000000; font-size: medium;\"><span style=\"font-family: Comic Sans MS;\"> sont r\u00e9serv\u00e9es aux adh\u00e9rents d\u00e9tenteurs d&rsquo;un mot de passe.<br><\/span><br><span style=\"font-family: Comic Sans MS;\">Sur les <\/span><\/span><span style=\"color: #000000; font-size: medium;\"><span style=\"font-family: Comic Sans MS;\">pages suivantes, e<\/span><\/span><span style=\"color: #000000; font-size: medium;\"><span style=\"font-family: Comic Sans MS;\">ntrez le mot de passe demand\u00e9 et cliquez \u00ab\u00a0<strong>Envoyer<\/strong>\u00ab\u00a0<\/span><br><\/span><\/p>\n\n\n\n<form><span style=\"color: #ff0000;\">Le mot de passe est communiqu\u00e9 aux membres du Moto Club BFG par l&rsquo;interm\u00e9diaire du bulletin du club \u00ab\u00a0Lettre de l&rsquo;Odyss\u00e9e\u00a0\u00bb, o\u00f9 il figure en bas de premi\u00e8re page de chaque num\u00e9ro. <strong>Dernier changement effectu\u00e9 : 15 octobre 2025<\/strong><\/span><\/form>\n","protected":false},"excerpt":{"rendered":"<p>Ces pages sont r\u00e9serv\u00e9es aux adh\u00e9rents d\u00e9tenteurs d&rsquo;un mot de passe.Sur les pages suivantes, entrez le mot de passe demand\u00e9 et cliquez \u00ab\u00a0Envoyer\u00ab\u00a0 Le mot de passe est communiqu\u00e9 aux membres du Moto Club BFG par l&rsquo;interm\u00e9diaire du bulletin du club \u00ab\u00a0Lettre de l&rsquo;Odyss\u00e9e\u00a0\u00bb, o\u00f9 il figure en bas de premi\u00e8re page de chaque num\u00e9ro. [&hellip;]<\/p>\n","protected":false},"author":1,"featured_media":0,"parent":0,"menu_order":4,"comment_status":"closed","ping_status":"closed","template":"","meta":{"footnotes":""},"class_list":["post-16","page","type-page","status-publish","hentry"],"_links":{"self":[{"href":"https:\/\/www.bfg.asso.fr\/index.php?rest_route=\/wp\/v2\/pages\/16","targetHints":{"allow":["GET"]}}],"collection":[{"href":"https:\/\/www.bfg.asso.fr\/index.php?rest_route=\/wp\/v2\/pages"}],"about":[{"href":"https:\/\/www.bfg.asso.fr\/index.php?rest_route=\/wp\/v2\/types\/page"}],"author":[{"embeddable":true,"href":"https:\/\/www.bfg.asso.fr\/index.php?rest_route=\/wp\/v2\/users\/1"}],"replies":[{"embeddable":true,"href":"https:\/\/www.bfg.asso.fr\/index.php?rest_route=%2Fwp%2Fv2%2Fcomments&post=16"}],"version-history":[{"count":11,"href":"https:\/\/www.bfg.asso.fr\/index.php?rest_route=\/wp\/v2\/pages\/16\/revisions"}],"predecessor-version":[{"id":2455,"href":"https:\/\/www.bfg.asso.fr\/index.php?rest_route=\/wp\/v2\/pages\/16\/revisions\/2455"}],"wp:attachment":[{"href":"https:\/\/www.bfg.asso.fr\/index.php?rest_route=%2Fwp%2Fv2%2Fmedia&parent=16"}],"curies":[{"name":"wp","href":"https:\/\/api.w.org\/{rel}","templated":true}]}}