	{"id":21,"date":"2007-01-19T15:11:19","date_gmt":"2007-01-19T14:11:19","guid":{"rendered":"http:\/\/www.bfg.asso.fr\/?page_id=21"},"modified":"2021-09-15T10:11:47","modified_gmt":"2021-09-15T08:11:47","slug":"bfg","status":"publish","type":"page","link":"https:\/\/www.bfg.asso.fr\/?page_id=21","title":{"rendered":"BFG, MF, &#8230;"},"content":{"rendered":"<p>Dans la s\u00e9rie<em><strong> \u00ab\u00a0Vous avez dit motos fran\u00e7aises?<\/strong><\/em>\u00ab\u00a0<\/p>\n<p><em><strong>\u00ab\u00a0BFG, MF, SA Moto Boccardo, enqu\u00eate sur une decennie d&rsquo;\u00e9checs\u00a0\u00bb<\/strong><\/em> de Thierry CAZENABE<\/p>\n<p>Si le sujet des motos fran\u00e7aises BFG, MF et Boccardo vous int\u00e9resse, lisez ce livre passionnant \u00e9crit par Thierry CAZENABE.<\/p>\n<p>Un vrai roman policier o\u00f9 trahisons, d\u00e9rapages m\u00e9diatiques, batailles politiques et rebondissement ne manquent pas.<\/p>\n<p>Disponible \u00e0 la boutique du Moto Club.<\/p>\n<p>Ecrire \u00e0 l&rsquo;auteur ou lui commander directement le livre \u00ab\u00a0BFG, MF, SA Moto Boccardo, enqu\u00eate sur une decennie d&rsquo;\u00e9checs\u00a0\u00bb:<\/p>\n<p><a href=\"mailto:cazenabe.thierry@orange.fr?subject=MCBFG&amp;body=12\">Thierry CAZENABE<\/a><img loading=\"lazy\" decoding=\"async\" title=\"Vous avez dit ...\" src=\"\/MCBFG\/images-root\/Livre_BFG.jpg\" alt=\"Vous avez dit ...\" width=\"150\" height=\"222\" align=\"middle\" \/><\/p>\n\n\n<p><\/p>\n","protected":false},"excerpt":{"rendered":"<p>Dans la s\u00e9rie \u00ab\u00a0Vous avez dit motos fran\u00e7aises?\u00ab\u00a0 \u00ab\u00a0BFG, MF, SA Moto Boccardo, enqu\u00eate sur une decennie d&rsquo;\u00e9checs\u00a0\u00bb de Thierry CAZENABE Si le sujet des motos fran\u00e7aises BFG, MF et Boccardo vous int\u00e9resse, lisez ce livre passionnant \u00e9crit par Thierry CAZENABE. Un vrai roman policier o\u00f9 trahisons, d\u00e9rapages m\u00e9diatiques, batailles politiques et rebondissement ne manquent [&hellip;]<\/p>\n","protected":false},"author":1,"featured_media":0,"parent":20,"menu_order":1,"comment_status":"closed","ping_status":"closed","template":"","meta":{"footnotes":""},"class_list":["post-21","page","type-page","status-publish","hentry"],"_links":{"self":[{"href":"https:\/\/www.bfg.asso.fr\/index.php?rest_route=\/wp\/v2\/pages\/21","targetHints":{"allow":["GET"]}}],"collection":[{"href":"https:\/\/www.bfg.asso.fr\/index.php?rest_route=\/wp\/v2\/pages"}],"about":[{"href":"https:\/\/www.bfg.asso.fr\/index.php?rest_route=\/wp\/v2\/types\/page"}],"author":[{"embeddable":true,"href":"https:\/\/www.bfg.asso.fr\/index.php?rest_route=\/wp\/v2\/users\/1"}],"replies":[{"embeddable":true,"href":"https:\/\/www.bfg.asso.fr\/index.php?rest_route=%2Fwp%2Fv2%2Fcomments&post=21"}],"version-history":[{"count":2,"href":"https:\/\/www.bfg.asso.fr\/index.php?rest_route=\/wp\/v2\/pages\/21\/revisions"}],"predecessor-version":[{"id":1675,"href":"https:\/\/www.bfg.asso.fr\/index.php?rest_route=\/wp\/v2\/pages\/21\/revisions\/1675"}],"up":[{"embeddable":true,"href":"https:\/\/www.bfg.asso.fr\/index.php?rest_route=\/wp\/v2\/pages\/20"}],"wp:attachment":[{"href":"https:\/\/www.bfg.asso.fr\/index.php?rest_route=%2Fwp%2Fv2%2Fmedia&parent=21"}],"curies":[{"name":"wp","href":"https:\/\/api.w.org\/{rel}","templated":true}]}}